{"id":29,"date":"2020-05-08T00:00:26","date_gmt":"2020-05-07T22:00:26","guid":{"rendered":"http:\/\/barbarachiaroni-neuropsychologie.fr\/?page_id=29"},"modified":"2020-10-31T08:47:43","modified_gmt":"2020-10-31T07:47:43","slug":"les-bilans-adultes","status":"publish","type":"page","link":"https:\/\/www.barbarachiaroni-neuropsychologie.fr\/index.php\/les-bilans-adultes\/","title":{"rendered":"Prises en charge"},"content":{"rendered":"\t\t<div data-elementor-type=\"wp-page\" data-elementor-id=\"29\" class=\"elementor elementor-29\">\n\t\t\t\t\t\t<div class=\"elementor-inner\">\n\t\t\t\t<div class=\"elementor-section-wrap\">\n\t\t\t\t\t\t\t\t\t<section class=\"elementor-section elementor-top-section elementor-element elementor-element-61982e6 elementor-section-content-middle elementor-section-boxed elementor-section-height-default elementor-section-height-default\" data-id=\"61982e6\" data-element_type=\"section\">\n\t\t\t\t\t\t<div class=\"elementor-container elementor-column-gap-default\">\n\t\t\t\t\t\t\t<div class=\"elementor-row\">\n\t\t\t\t\t<div class=\"elementor-column elementor-col-50 elementor-top-column elementor-element elementor-element-a01664e\" data-id=\"a01664e\" data-element_type=\"column\">\n\t\t\t<div class=\"elementor-column-wrap elementor-element-populated\">\n\t\t\t\t\t\t\t<div class=\"elementor-widget-wrap\">\n\t\t\t\t\t\t<div class=\"elementor-element elementor-element-2fdc941 elementor-view-default elementor-widget elementor-widget-icon\" data-id=\"2fdc941\" data-element_type=\"widget\" data-widget_type=\"icon.default\">\n\t\t\t\t<div class=\"elementor-widget-container\">\n\t\t\t\t\t<div class=\"elementor-icon-wrapper\">\n\t\t\t<div class=\"elementor-icon\">\n\t\t\t<i aria-hidden=\"true\" class=\"fas fa-hand-holding-heart\"><\/i>\t\t\t<\/div>\n\t\t<\/div>\n\t\t\t\t<\/div>\n\t\t\t\t<\/div>\n\t\t\t\t\t\t<\/div>\n\t\t\t\t\t<\/div>\n\t\t<\/div>\n\t\t\t\t<div class=\"elementor-column elementor-col-50 elementor-top-column elementor-element elementor-element-b099c04\" data-id=\"b099c04\" data-element_type=\"column\">\n\t\t\t<div class=\"elementor-column-wrap elementor-element-populated\">\n\t\t\t\t\t\t\t<div class=\"elementor-widget-wrap\">\n\t\t\t\t\t\t<div class=\"elementor-element elementor-element-4bfd88b elementor-widget elementor-widget-text-editor\" data-id=\"4bfd88b\" data-element_type=\"widget\" data-widget_type=\"text-editor.default\">\n\t\t\t\t<div class=\"elementor-widget-container\">\n\t\t\t\t\t\t\t\t<div class=\"elementor-text-editor elementor-clearfix\">\n\t\t\t\t<p style=\"color: #000000; font-family: Athiti, sans-serif; text-align: justify;\"><span style=\"color: #366f88;\"><span style=\"font-weight: bold;\">Rem\u00e9diation<\/span>\u00a0<span style=\"font-weight: bold;\">cognitive<\/span><\/span>\u00a0: des s\u00e9ances de rem\u00e9diation cognitive peuvent \u00eatre propos\u00e9es et mises en place lorsque le bilan neuropsychologique a objectiv\u00e9 des troubles cognitifs et que ceux-ci ont des r\u00e9percussions \u00e9videntes sur l\u2019autonomie et dans un plusieurs domaines de son quotidien (vie de famille, vie sociale, scolarit\u00e9, emploi). La ou les fonctions cognitives lui faisant d\u00e9faut seront alors la cible des s\u00e9ances de rem\u00e9diation. Outre le neuropsychologue et le patient, la rem\u00e9diation implique \u00e9galement l\u2019investissement personnel des aidants et des professionnels intervenant autour du patient afin d\u2019augmenter le transfert des b\u00e9n\u00e9fices dans la vie quotidienne.<\/p>\t\t\t\t\t<\/div>\n\t\t\t\t\t\t<\/div>\n\t\t\t\t<\/div>\n\t\t\t\t\t\t<\/div>\n\t\t\t\t\t<\/div>\n\t\t<\/div>\n\t\t\t\t\t\t\t\t<\/div>\n\t\t\t\t\t<\/div>\n\t\t<\/section>\n\t\t\t\t<section class=\"elementor-section elementor-top-section elementor-element elementor-element-1cc5bdd elementor-section-content-middle elementor-section-boxed elementor-section-height-default elementor-section-height-default\" data-id=\"1cc5bdd\" data-element_type=\"section\">\n\t\t\t\t\t\t<div class=\"elementor-container elementor-column-gap-default\">\n\t\t\t\t\t\t\t<div class=\"elementor-row\">\n\t\t\t\t\t<div class=\"elementor-column elementor-col-50 elementor-top-column elementor-element elementor-element-f3dad2b\" data-id=\"f3dad2b\" data-element_type=\"column\">\n\t\t\t<div class=\"elementor-column-wrap elementor-element-populated\">\n\t\t\t\t\t\t\t<div class=\"elementor-widget-wrap\">\n\t\t\t\t\t\t<div class=\"elementor-element elementor-element-dd18046 elementor-view-default elementor-widget elementor-widget-icon\" data-id=\"dd18046\" data-element_type=\"widget\" data-widget_type=\"icon.default\">\n\t\t\t\t<div class=\"elementor-widget-container\">\n\t\t\t\t\t<div class=\"elementor-icon-wrapper\">\n\t\t\t<div class=\"elementor-icon\">\n\t\t\t<i aria-hidden=\"true\" class=\"fas fa-brain\"><\/i>\t\t\t<\/div>\n\t\t<\/div>\n\t\t\t\t<\/div>\n\t\t\t\t<\/div>\n\t\t\t\t\t\t<\/div>\n\t\t\t\t\t<\/div>\n\t\t<\/div>\n\t\t\t\t<div class=\"elementor-column elementor-col-50 elementor-top-column elementor-element elementor-element-2722d01\" data-id=\"2722d01\" data-element_type=\"column\">\n\t\t\t<div class=\"elementor-column-wrap elementor-element-populated\">\n\t\t\t\t\t\t\t<div class=\"elementor-widget-wrap\">\n\t\t\t\t\t\t<div class=\"elementor-element elementor-element-b479e69 elementor-widget elementor-widget-text-editor\" data-id=\"b479e69\" data-element_type=\"widget\" data-widget_type=\"text-editor.default\">\n\t\t\t\t<div class=\"elementor-widget-container\">\n\t\t\t\t\t\t\t\t<div class=\"elementor-text-editor elementor-clearfix\">\n\t\t\t\t<p style=\"text-align: justify;\"><span style=\"font-weight: bold; color: #366f88;\">Stimulation cognitive<\/span>\u00a0: ces s\u00e9ances permettent de solliciter divers processus cognitifs dans le but de pr\u00e9server au mieux leur fonctionnement (lors de maladies neurod\u00e9g\u00e9n\u00e9ratives notamment mais \u00e9galement apr\u00e8s une l\u00e9sion acquise de type AVC ou traumatisme cr\u00e2nien) et de ralentir le d\u00e9clin cognitif. L\u2019objectif de ces s\u00e9ances est de permettre au patient de conserver le plus longtemps possible une certaine autonomie.<\/p>\t\t\t\t\t<\/div>\n\t\t\t\t\t\t<\/div>\n\t\t\t\t<\/div>\n\t\t\t\t\t\t<\/div>\n\t\t\t\t\t<\/div>\n\t\t<\/div>\n\t\t\t\t\t\t\t\t<\/div>\n\t\t\t\t\t<\/div>\n\t\t<\/section>\n\t\t\t\t<section class=\"elementor-section elementor-top-section elementor-element elementor-element-115a686 elementor-section-content-middle elementor-section-boxed elementor-section-height-default elementor-section-height-default\" data-id=\"115a686\" data-element_type=\"section\">\n\t\t\t\t\t\t<div class=\"elementor-container elementor-column-gap-default\">\n\t\t\t\t\t\t\t<div class=\"elementor-row\">\n\t\t\t\t\t<div class=\"elementor-column elementor-col-50 elementor-top-column elementor-element elementor-element-d6df3b9\" data-id=\"d6df3b9\" data-element_type=\"column\">\n\t\t\t<div class=\"elementor-column-wrap elementor-element-populated\">\n\t\t\t\t\t\t\t<div class=\"elementor-widget-wrap\">\n\t\t\t\t\t\t<div class=\"elementor-element elementor-element-b97128f elementor-view-default elementor-widget elementor-widget-icon\" data-id=\"b97128f\" data-element_type=\"widget\" data-widget_type=\"icon.default\">\n\t\t\t\t<div class=\"elementor-widget-container\">\n\t\t\t\t\t<div class=\"elementor-icon-wrapper\">\n\t\t\t<div class=\"elementor-icon\">\n\t\t\t<i aria-hidden=\"true\" class=\"fas fa-hands-helping\"><\/i>\t\t\t<\/div>\n\t\t<\/div>\n\t\t\t\t<\/div>\n\t\t\t\t<\/div>\n\t\t\t\t\t\t<\/div>\n\t\t\t\t\t<\/div>\n\t\t<\/div>\n\t\t\t\t<div class=\"elementor-column elementor-col-50 elementor-top-column elementor-element elementor-element-7edeba2\" data-id=\"7edeba2\" data-element_type=\"column\">\n\t\t\t<div class=\"elementor-column-wrap elementor-element-populated\">\n\t\t\t\t\t\t\t<div class=\"elementor-widget-wrap\">\n\t\t\t\t\t\t<div class=\"elementor-element elementor-element-253fe5c elementor-widget elementor-widget-text-editor\" data-id=\"253fe5c\" data-element_type=\"widget\" data-widget_type=\"text-editor.default\">\n\t\t\t\t<div class=\"elementor-widget-container\">\n\t\t\t\t\t\t\t\t<div class=\"elementor-text-editor elementor-clearfix\">\n\t\t\t\t<p style=\"text-align: justify;\"><span style=\"font-weight: bold; color: #366f88;\">Soutien psychologique<\/span>&nbsp;:&nbsp;<span style=\"font-size: 1em;\">les troubles cognitifs engendrent des changements et des difficult\u00e9s dans la vie quotidienne du patient et de son entourage (acceptation, incompr\u00e9hension, d\u00e9tresse psychologique, sentiment d\u2019impuissance). Le soutien psychologique permet d\u2019apporter une \u00e9coute et un soutien face aux probl\u00e9matiques que vous rencontrez au quotidien ainsi que des conseils et des outils pour agir et r\u00e9agir face aux cons\u00e9quences des troubles.<\/span><\/p>\t\t\t\t\t<\/div>\n\t\t\t\t\t\t<\/div>\n\t\t\t\t<\/div>\n\t\t\t\t\t\t<\/div>\n\t\t\t\t\t<\/div>\n\t\t<\/div>\n\t\t\t\t\t\t\t\t<\/div>\n\t\t\t\t\t<\/div>\n\t\t<\/section>\n\t\t\t\t<section class=\"elementor-section elementor-top-section elementor-element elementor-element-5ed528b elementor-section-content-middle elementor-section-boxed elementor-section-height-default elementor-section-height-default\" data-id=\"5ed528b\" data-element_type=\"section\">\n\t\t\t\t\t\t<div class=\"elementor-container elementor-column-gap-default\">\n\t\t\t\t\t\t\t<div class=\"elementor-row\">\n\t\t\t\t\t<div class=\"elementor-column elementor-col-50 elementor-top-column elementor-element elementor-element-dbed69d\" data-id=\"dbed69d\" data-element_type=\"column\">\n\t\t\t<div class=\"elementor-column-wrap elementor-element-populated\">\n\t\t\t\t\t\t\t<div class=\"elementor-widget-wrap\">\n\t\t\t\t\t\t<div class=\"elementor-element elementor-element-493e916 elementor-widget elementor-widget-image\" data-id=\"493e916\" data-element_type=\"widget\" data-widget_type=\"image.default\">\n\t\t\t\t<div class=\"elementor-widget-container\">\n\t\t\t\t\t\t\t\t<div class=\"elementor-image\">\n\t\t\t\t\t\t\t\t\t\t\t\t<img loading=\"lazy\" decoding=\"async\" width=\"256\" height=\"256\" src=\"https:\/\/www.barbarachiaroni-neuropsychologie.fr\/wp-content\/uploads\/2020\/10\/family-group-of-three.png\" class=\"attachment-large size-large wp-image-260\" alt=\"\" srcset=\"https:\/\/www.barbarachiaroni-neuropsychologie.fr\/wp-content\/uploads\/2020\/10\/family-group-of-three.png 256w, https:\/\/www.barbarachiaroni-neuropsychologie.fr\/wp-content\/uploads\/2020\/10\/family-group-of-three-150x150.png 150w\" sizes=\"auto, (max-width: 256px) 100vw, 256px\" \/>\t\t\t\t\t\t\t\t\t\t\t\t\t\t<\/div>\n\t\t\t\t\t\t<\/div>\n\t\t\t\t<\/div>\n\t\t\t\t\t\t<\/div>\n\t\t\t\t\t<\/div>\n\t\t<\/div>\n\t\t\t\t<div class=\"elementor-column elementor-col-50 elementor-top-column elementor-element elementor-element-c71dea7\" data-id=\"c71dea7\" data-element_type=\"column\">\n\t\t\t<div class=\"elementor-column-wrap elementor-element-populated\">\n\t\t\t\t\t\t\t<div class=\"elementor-widget-wrap\">\n\t\t\t\t\t\t<div class=\"elementor-element elementor-element-fdcb8e3 elementor-widget elementor-widget-text-editor\" data-id=\"fdcb8e3\" data-element_type=\"widget\" data-widget_type=\"text-editor.default\">\n\t\t\t\t<div class=\"elementor-widget-container\">\n\t\t\t\t\t\t\t\t<div class=\"elementor-text-editor elementor-clearfix\">\n\t\t\t\t<p style=\"text-align: justify;\"><span style=\"color: #366f88;\"><b>Guidance parentale\u00a0<\/b><\/span>:\u00a0<span style=\"font-size: 1em;\">elle permet d\u2019adopter une attitude favorable \u00e0 l\u2019\u00e9panouissement de l\u2019enfant en apportant des outils aux parents pour favoriser un climat familial d\u00e9tendu, soutenant et serein. Cela permet d\u2019\u00e9viter au mieux les situations de conflit familial engendr\u00e9es par les troubles de l\u2019enfant et leur gestion.\u00a0<\/span><\/p>\t\t\t\t\t<\/div>\n\t\t\t\t\t\t<\/div>\n\t\t\t\t<\/div>\n\t\t\t\t\t\t<\/div>\n\t\t\t\t\t<\/div>\n\t\t<\/div>\n\t\t\t\t\t\t\t\t<\/div>\n\t\t\t\t\t<\/div>\n\t\t<\/section>\n\t\t\t\t<section class=\"elementor-section elementor-top-section elementor-element elementor-element-976296f elementor-section-content-middle elementor-section-boxed elementor-section-height-default elementor-section-height-default\" data-id=\"976296f\" data-element_type=\"section\">\n\t\t\t\t\t\t<div class=\"elementor-container elementor-column-gap-default\">\n\t\t\t\t\t\t\t<div class=\"elementor-row\">\n\t\t\t\t\t<div class=\"elementor-column elementor-col-50 elementor-top-column elementor-element elementor-element-88ee051\" data-id=\"88ee051\" data-element_type=\"column\">\n\t\t\t<div class=\"elementor-column-wrap elementor-element-populated\">\n\t\t\t\t\t\t\t<div class=\"elementor-widget-wrap\">\n\t\t\t\t\t\t<div class=\"elementor-element elementor-element-dae0cc5 elementor-widget elementor-widget-image\" data-id=\"dae0cc5\" data-element_type=\"widget\" data-widget_type=\"image.default\">\n\t\t\t\t<div class=\"elementor-widget-container\">\n\t\t\t\t\t\t\t\t<div class=\"elementor-image\">\n\t\t\t\t\t\t\t\t\t\t\t\t<img decoding=\"async\" src=\"https:\/\/www.barbarachiaroni-neuropsychologie.fr\/wp-content\/uploads\/2020\/10\/Picture4.png\" title=\"Picture4\" alt=\"Picture4\" \/>\t\t\t\t\t\t\t\t\t\t\t\t\t\t<\/div>\n\t\t\t\t\t\t<\/div>\n\t\t\t\t<\/div>\n\t\t\t\t\t\t<\/div>\n\t\t\t\t\t<\/div>\n\t\t<\/div>\n\t\t\t\t<div class=\"elementor-column elementor-col-50 elementor-top-column elementor-element elementor-element-d1bcad9\" data-id=\"d1bcad9\" data-element_type=\"column\">\n\t\t\t<div class=\"elementor-column-wrap elementor-element-populated\">\n\t\t\t\t\t\t\t<div class=\"elementor-widget-wrap\">\n\t\t\t\t\t\t<div class=\"elementor-element elementor-element-d98ef93 elementor-widget elementor-widget-text-editor\" data-id=\"d98ef93\" data-element_type=\"widget\" data-widget_type=\"text-editor.default\">\n\t\t\t\t<div class=\"elementor-widget-container\">\n\t\t\t\t\t\t\t\t<div class=\"elementor-text-editor elementor-clearfix\">\n\t\t\t\t<p style=\"text-align: justify;\"><span style=\"font-weight: bold; color: #366f88;\">Psycho\u00e9ducation<\/span>\u00a0:\u00a0<span style=\"font-size: 1em;\">certains patients font face \u00e0 des difficult\u00e9s qu\u2019ils peinent \u00e0 comprendre et ont, de ce fait, de la peine \u00e0 se saisir des aides et suivis qui leur sont propos\u00e9s. Les s\u00e9ances de psycho\u00e9ducation permettent de travailler des th\u00e9matiques centrales de la vie du patient : reconnaissance du handicap, regard d\u2019autrui, fonctionnement cognitif et sympt\u00f4mes, int\u00e9r\u00eat et prise du traitement, etc.<\/span><\/p>\t\t\t\t\t<\/div>\n\t\t\t\t\t\t<\/div>\n\t\t\t\t<\/div>\n\t\t\t\t\t\t<\/div>\n\t\t\t\t\t<\/div>\n\t\t<\/div>\n\t\t\t\t\t\t\t\t<\/div>\n\t\t\t\t\t<\/div>\n\t\t<\/section>\n\t\t\t\t<section class=\"elementor-section elementor-top-section elementor-element elementor-element-1bf5b41 elementor-section-content-middle elementor-section-boxed elementor-section-height-default elementor-section-height-default\" data-id=\"1bf5b41\" data-element_type=\"section\">\n\t\t\t\t\t\t<div class=\"elementor-container elementor-column-gap-default\">\n\t\t\t\t\t\t\t<div class=\"elementor-row\">\n\t\t\t\t\t<div class=\"elementor-column elementor-col-50 elementor-top-column elementor-element elementor-element-fa8c822\" data-id=\"fa8c822\" data-element_type=\"column\">\n\t\t\t<div class=\"elementor-column-wrap elementor-element-populated\">\n\t\t\t\t\t\t\t<div class=\"elementor-widget-wrap\">\n\t\t\t\t\t\t<div class=\"elementor-element elementor-element-70e7868 elementor-widget elementor-widget-image\" data-id=\"70e7868\" data-element_type=\"widget\" data-widget_type=\"image.default\">\n\t\t\t\t<div class=\"elementor-widget-container\">\n\t\t\t\t\t\t\t\t<div class=\"elementor-image\">\n\t\t\t\t\t\t\t\t\t\t\t\t<img loading=\"lazy\" decoding=\"async\" width=\"256\" height=\"256\" src=\"https:\/\/www.barbarachiaroni-neuropsychologie.fr\/wp-content\/uploads\/2020\/10\/reading-book.png\" class=\"attachment-large size-large wp-image-261\" alt=\"\" srcset=\"https:\/\/www.barbarachiaroni-neuropsychologie.fr\/wp-content\/uploads\/2020\/10\/reading-book.png 256w, https:\/\/www.barbarachiaroni-neuropsychologie.fr\/wp-content\/uploads\/2020\/10\/reading-book-150x150.png 150w\" sizes=\"auto, (max-width: 256px) 100vw, 256px\" \/>\t\t\t\t\t\t\t\t\t\t\t\t\t\t<\/div>\n\t\t\t\t\t\t<\/div>\n\t\t\t\t<\/div>\n\t\t\t\t\t\t<\/div>\n\t\t\t\t\t<\/div>\n\t\t<\/div>\n\t\t\t\t<div class=\"elementor-column elementor-col-50 elementor-top-column elementor-element elementor-element-1c5f7f4\" data-id=\"1c5f7f4\" data-element_type=\"column\">\n\t\t\t<div class=\"elementor-column-wrap elementor-element-populated\">\n\t\t\t\t\t\t\t<div class=\"elementor-widget-wrap\">\n\t\t\t\t\t\t<div class=\"elementor-element elementor-element-a8bda7e elementor-widget elementor-widget-text-editor\" data-id=\"a8bda7e\" data-element_type=\"widget\" data-widget_type=\"text-editor.default\">\n\t\t\t\t<div class=\"elementor-widget-container\">\n\t\t\t\t\t\t\t\t<div class=\"elementor-text-editor elementor-clearfix\">\n\t\t\t\t<p style=\"text-align: justify;\"><span style=\"color: #366f88;\"><b>Soutien scolaire pour enfants\/adolescents pr\u00e9sentant des troubles cognitifs&nbsp;<\/b><\/span>: l<span style=\"font-size: 1em;\">a sp\u00e9cificit\u00e9 des troubles des apprentissages et des troubles cognitifs d\u2019une mani\u00e8re g\u00e9n\u00e9rale font que l\u2019enfant peut ais\u00e9ment se retrouver en \u00e9chec scolaire. Toutefois, parfois ses capacit\u00e9s ne n\u00e9cessitent pas une orientation vers des classes sp\u00e9cialis\u00e9es (ULIS, SEGPA, etc.). C\u2019est dans ce cadre qu\u2019est propos\u00e9 un accompagnement scolaire personnalis\u00e9 et sp\u00e9cifique.<\/span><\/p>\t\t\t\t\t<\/div>\n\t\t\t\t\t\t<\/div>\n\t\t\t\t<\/div>\n\t\t\t\t\t\t<\/div>\n\t\t\t\t\t<\/div>\n\t\t<\/div>\n\t\t\t\t\t\t\t\t<\/div>\n\t\t\t\t\t<\/div>\n\t\t<\/section>\n\t\t\t\t<section class=\"elementor-section elementor-top-section elementor-element elementor-element-a6f9383 elementor-section-content-middle elementor-section-boxed elementor-section-height-default elementor-section-height-default\" data-id=\"a6f9383\" data-element_type=\"section\">\n\t\t\t\t\t\t<div class=\"elementor-container elementor-column-gap-default\">\n\t\t\t\t\t\t\t<div class=\"elementor-row\">\n\t\t\t\t\t<div class=\"elementor-column elementor-col-50 elementor-top-column elementor-element elementor-element-b8e53f9\" data-id=\"b8e53f9\" data-element_type=\"column\">\n\t\t\t<div class=\"elementor-column-wrap elementor-element-populated\">\n\t\t\t\t\t\t\t<div class=\"elementor-widget-wrap\">\n\t\t\t\t\t\t<div class=\"elementor-element elementor-element-a3b4917 elementor-view-default elementor-widget elementor-widget-icon\" data-id=\"a3b4917\" data-element_type=\"widget\" data-widget_type=\"icon.default\">\n\t\t\t\t<div class=\"elementor-widget-container\">\n\t\t\t\t\t<div class=\"elementor-icon-wrapper\">\n\t\t\t<div class=\"elementor-icon\">\n\t\t\t<i aria-hidden=\"true\" class=\"fas fa-comments\"><\/i>\t\t\t<\/div>\n\t\t<\/div>\n\t\t\t\t<\/div>\n\t\t\t\t<\/div>\n\t\t\t\t\t\t<\/div>\n\t\t\t\t\t<\/div>\n\t\t<\/div>\n\t\t\t\t<div class=\"elementor-column elementor-col-50 elementor-top-column elementor-element elementor-element-48b668a\" data-id=\"48b668a\" data-element_type=\"column\">\n\t\t\t<div class=\"elementor-column-wrap elementor-element-populated\">\n\t\t\t\t\t\t\t<div class=\"elementor-widget-wrap\">\n\t\t\t\t\t\t<div class=\"elementor-element elementor-element-a58f409 elementor-widget elementor-widget-text-editor\" data-id=\"a58f409\" data-element_type=\"widget\" data-widget_type=\"text-editor.default\">\n\t\t\t\t<div class=\"elementor-widget-container\">\n\t\t\t\t\t\t\t\t<div class=\"elementor-text-editor elementor-clearfix\">\n\t\t\t\t<p style=\"text-align: justify;\"><span style=\"color: #366f88;\"><b>S\u00e9ances d&rsquo;habilet\u00e9s sociales\u00a0<\/b><\/span>:\u00a0<span style=\"font-size: 1em;\">ces comp\u00e9tences nous permettent d\u2019agir de mani\u00e8re adapt\u00e9e en soci\u00e9t\u00e9, de percevoir et de comprendre les signaux verbaux et non verbaux de notre interlocuteur, les \u00e9motions et les comportements d\u2019autrui ainsi que les n\u00f4tres, de cr\u00e9er du lien social, etc. Ces comp\u00e9tences s\u2019acqui\u00e8rent de mani\u00e8re spontan\u00e9e d\u00e8s l\u2019enfance par observation et mim\u00e9tisme, pourtant il existe dans certaines pathologies une atteinte particuli\u00e8re des habilet\u00e9s sociales (troubles du spectre autistique, certaines pathologies psychiatriques, certaines l\u00e9sions c\u00e9r\u00e9brales telles que les traumatismes cr\u00e2niens et les AVC, etc.). Il est donc n\u00e9cessaire pour ces patients que les habilet\u00e9s soient expliqu\u00e9es et entra\u00een\u00e9es afin d\u2019\u00eatre int\u00e9gr\u00e9es intellectuellement \u00e0 d\u00e9faut de l\u2019\u00eatre de mani\u00e8re spontan\u00e9e. Elle peuvent \u00eatre r\u00e9alis\u00e9es en groupe ou de mani\u00e8re individuelle.<\/span><\/p>\t\t\t\t\t<\/div>\n\t\t\t\t\t\t<\/div>\n\t\t\t\t<\/div>\n\t\t\t\t\t\t<\/div>\n\t\t\t\t\t<\/div>\n\t\t<\/div>\n\t\t\t\t\t\t\t\t<\/div>\n\t\t\t\t\t<\/div>\n\t\t<\/section>\n\t\t\t\t\t\t\t\t\t<\/div>\n\t\t\t<\/div>\n\t\t\t\t\t<\/div>\n\t\t","protected":false},"excerpt":{"rendered":"<p>Rem\u00e9diation\u00a0cognitive\u00a0: des s\u00e9ances de rem\u00e9diation cognitive peuvent \u00eatre propos\u00e9es et mises en place lorsque le bilan neuropsychologique a objectiv\u00e9 des troubles cognitifs et que ceux-ci ont des r\u00e9percussions \u00e9videntes sur l\u2019autonomie et dans un plusieurs domaines de son quotidien (vie de famille, vie sociale, scolarit\u00e9, emploi). La ou les fonctions cognitives lui faisant d\u00e9faut seront&hellip;&nbsp;<a href=\"https:\/\/www.barbarachiaroni-neuropsychologie.fr\/index.php\/les-bilans-adultes\/\" class=\"\" rel=\"bookmark\">Lire la suite &raquo;<span class=\"screen-reader-text\">Prises en charge<\/span><\/a><\/p>\n","protected":false},"author":1,"featured_media":0,"parent":0,"menu_order":0,"comment_status":"closed","ping_status":"closed","template":"","meta":{"neve_meta_sidebar":"","neve_meta_container":"","neve_meta_enable_content_width":"off","neve_meta_content_width":0,"neve_meta_title_alignment":"","neve_meta_author_avatar":"","neve_post_elements_order":"","neve_meta_disable_header":"","neve_meta_disable_footer":"","neve_meta_disable_title":"","footnotes":""},"class_list":["post-29","page","type-page","status-publish","hentry"],"_links":{"self":[{"href":"https:\/\/www.barbarachiaroni-neuropsychologie.fr\/index.php\/wp-json\/wp\/v2\/pages\/29","targetHints":{"allow":["GET"]}}],"collection":[{"href":"https:\/\/www.barbarachiaroni-neuropsychologie.fr\/index.php\/wp-json\/wp\/v2\/pages"}],"about":[{"href":"https:\/\/www.barbarachiaroni-neuropsychologie.fr\/index.php\/wp-json\/wp\/v2\/types\/page"}],"author":[{"embeddable":true,"href":"https:\/\/www.barbarachiaroni-neuropsychologie.fr\/index.php\/wp-json\/wp\/v2\/users\/1"}],"replies":[{"embeddable":true,"href":"https:\/\/www.barbarachiaroni-neuropsychologie.fr\/index.php\/wp-json\/wp\/v2\/comments?post=29"}],"version-history":[{"count":15,"href":"https:\/\/www.barbarachiaroni-neuropsychologie.fr\/index.php\/wp-json\/wp\/v2\/pages\/29\/revisions"}],"predecessor-version":[{"id":330,"href":"https:\/\/www.barbarachiaroni-neuropsychologie.fr\/index.php\/wp-json\/wp\/v2\/pages\/29\/revisions\/330"}],"wp:attachment":[{"href":"https:\/\/www.barbarachiaroni-neuropsychologie.fr\/index.php\/wp-json\/wp\/v2\/media?parent=29"}],"curies":[{"name":"wp","href":"https:\/\/api.w.org\/{rel}","templated":true}]}}